5*a + 194. What are the prime factors of a?
2, 3, 7
Let s = -1 + 7. Suppose 13 = 3*q - 5*r, 0*q + 4*q + 5*r + 6 = 0. What are the prime factors of 10/(3*q/s)?
2, 5
Let g = 29 + -21. Let x = 21 + g. List the prime factors of x.
29
Let z(q) = -8*q - 1. Let o be z(-3). Suppose o - 584 = -17*t. What are the prime factors of t?
3, 11
Let j = -53 + 76. Let s = 29 - j. Suppose -131 = -5*f + 2*z, -81 = -3*f - 4*z + s*z. List the prime factors of f.
5
Suppose 3*p = 4*p + d + 4, 0 = -d. What are the prime factors of (14/p + 2)/((-1)/42)?
3, 7
Suppose -5*b + 2385 = 5*l, -2*l = -0*l - 4*b - 936. List the prime factors of l.
2, 3, 79
Let r = -294 + 1063. What are the prime factors of r?
769
Suppose 15*k + 1310 = 20*k. List the prime factors of k.
2, 131
Let a be (0 - 9/6)*2. Let v be ((-76)/a)/((-2)/(-3)). Suppose -4*q + v = -2*j + 4*j, 3*j - 55 = -5*q. List the prime factors of j.
3, 5
Suppose -4*u + 9*u - 1985 = 0. Suppose 8 + u = 5*d. What are the prime factors of d?
3
List the prime factors of (-7)/(224/48)*(-3068)/3.
2, 13, 59
List the prime factors of (4 + -6)*-2*(-86)/(-1).
2, 43
Let j be 15/(-10)*-22*1. Suppose -82 = -5*l + j. Suppose -q - 5*m + 0*m = -l, 3*m + 51 = 3*q. List the prime factors of q.
2, 3
Let x(k) = k**2 + 2*k + 1. Suppose h = -4*w + 31, -23 - 24 = -5*w - 4*h. List the prime factors of x(w).
2
Suppose 5*w = -3*o + 2230, 5*o + 31*w - 3694 = 34*w. What are the prime factors of o?
2, 5, 37
Let x(m) be the third derivative of m**5/10 - m**4/24 + m**3/3 - 5*m**2. What are the prime factors of x(3)?
53
Suppose 0 = 4*m - 8, -2*m + 1026 = 3*j - 1744. What are the prime factors of j?
2, 461
Suppose 12 = 13*f - 9*f. Suppose -7 = m + 4*i - 39, f*i + 42 = 2*m. List the prime factors of (-80)/m*(-6)/4.
5
Suppose 5*q + 11421 = 3*j, 12*j - 19035 = 7*j - 3*q. What are the prime factors of j?
3, 47
Suppose -21*m + 38*m = 78931. List the prime factors of m.
4643
Let q be (-1)/(((-4)/(-68))/(-1)). What are the prime factors of q*1 - 8/8?
2
Let c(m) = 188*m**2 - m - 4. What are the prime factors of c(2)?
2, 373
Let l(g) = 7*g**3 + g. Let n be l(1). Suppose -n*v + 1224 = v. What are the prime factors of v?
2, 17
Suppose -p - 5*r = -0*p - 49, 4*r = 5*p - 158. Let j = p - 12. What are the prime factors of j?
2, 11
Let t(l) = 7*l**3 - l**2 + 6*l + 2. Let p(s) = -s**3 - s + 1. Let m(z) = 4*p(z) + t(z). What are the prime factors of m(3)?
2, 3, 7
Let b = -113 - -121. Suppose 3*f - b*f + 1080 = 0. What are the prime factors of f?
2, 3
What are the prime factors of ((-128)/(-5))/4*15130/68?
2, 89
Suppose 0 = -4*q + 33 + 27. Suppose 4*c = 5*u + 50 - q, -u + 2 = c. What are the prime factors of (0 + 26)*u/(-2)?
3, 13
What are the prime factors of 11/(132/11024) + 3/9?
919
Let i(g) = 2*g**3 - 2*g**2 - 2*g + 2. Let h be i(2). Suppose -h*d + 463 = -149. What are the prime factors of d?
2, 3, 17
Suppose -7*m = -3*m - 844. List the prime factors of m.
211
Let p(r) = -110*r - 2. Let w be p(6). What are the prime factors of 1/((-6)/w) + (-1)/3?
2, 5, 11
List the prime factors of (-20)/(-3)*18048/40.
2, 47
Let q = -1528 - -1664. What are the prime factors of q?
2, 17
Suppose -2*z = -6*z. Let q(l) = -l**3 + l**2 + l + 17. What are the prime factors of q(z)?
17
Suppose -4*w = -4, -4*d + 8 = -w + 1. Suppose 42 - d = -5*g. Let x(n) = -n**3 - 6*n**2 + 11*n - 1. List the prime factors of x(g).
3, 13
Let w(t) = 3*t - 6. Let o(k) = 10*k - 19. Let n(z) = -2*o(z) + 7*w(z). Let v be n(-2). Let y(u) = -u**3 - 5*u**2 + 6*u + 3. What are the prime factors of y(v)?
3
Let h(c) = -22*c - 213. List the prime factors of h(-26).
359
Let x be 198/9 - (1 + 0). Suppose -d = -5*q + 10, -2*d + x + 4 = 5*q. Suppose 16 - 4 = 3*v, 2*i + q*v - 40 = 0. List the prime factors of i.
2, 7
Let s = -99 - -101. Suppose 3*b + 5*y + 8 = -5, 3*y + 23 = s*b. What are the prime factors of b?
2
Suppose 0*k = -5*k + 2*q + 322, -2*k + 124 = 4*q. Suppose -2*h + k = 2*b, -5*b + 132 = 6*h - 2*h. List the prime factors of h.
2, 7
Suppose -2 - 3 = -l. Suppose -4*j + u - 43 = -l*j, 0 = -5*j + u + 221. What are the prime factors of (-55)/(-4) - 33/j?
13
Let i = 0 + 50. Suppose -5*o - i = -355. What are the prime factors of o?
61
Suppose -2*k - 6 = -1312. What are the prime factors of k?
653
Let b(r) = 0 + 15 + 37*r + 10*r + 1. What are the prime factors of b(5)?
251
Let t(s) = -136*s - 2. Let d be t(-3). Suppose 349 = 5*a - d. List the prime factors of a.
151
Let i be 0 - -2 - (-2 + -3). Let f(y) = i*y**2 + 3 + 0*y**2 - 4*y**2 - 2*y. What are the prime factors of f(2)?
11
Suppose -m = -22 - 1. Suppose -2*q - 41 = m. Let a = q + 106. List the prime factors of a.
2, 37
Suppose -5*y - 2*u = -6940, 2*u + 4134 + 30 = 3*y. What are the prime factors of y?
2, 347
Suppose -88*s + 1205 = -84*s - 3*v, 2*v = 4*s - 1202. List the prime factors of s.
13, 23
Suppose 1455 = 7*h - 323. Suppose 0*o + 3*u - 117 = -2*o, 4*o + 2*u = h. What are the prime factors of o?
2, 3, 11
Let j be 2/(-8)*-214 + (-9)/6. Suppose q - 3*q + 10 = 0. Suppose j = -v + q*v. What are the prime factors of v?
13
Suppose -10*d + 3*d + 21 = 0. Let k be 3 - d/9*9. Suppose k = -3*u + u + 36. What are the prime factors of u?
2, 3
Suppose 6*j - 25 = j. Suppose 2*d + j*t + 5 = 0, -4*t = 4*d - d + 18. What are the prime factors of 50/2 + d + 11?
2, 13
Suppose 7*o + 18 = 4. List the prime factors of -4 + o + 3 - -57.
2, 3
Let x be -1 + 8 + 2 + -3. Let v be (-2 - -1) + 0/x. What are the prime factors of (v - 1)*46/(-4)?
23
Let r = -16 + 28. Suppose 2*n - r = 2*z + 6*n, 0 = -4*z - 5*n - 9. Suppose t - 4*a + 106 = z*t, 0 = 4*t - 3*a - 133. List the prime factors of t.
2, 17
Let u(p) = p**2 + 5*p - 12. Let f be u(-7). Suppose 3*t - 5*q = t + 26, 4*q = -t. Let v = f + t. What are the prime factors of v?
2, 5
Let f(q) = -q**2 + 3*q. Let w be f(3). Let y = w + 2. Suppose 54 - 2 = y*u. List the prime factors of u.
2, 13
Suppose -9*m = -105 - 462. List the prime factors of m.
3, 7
Suppose f + 580 = -c + 2*c, -4*f + 1154 = 2*c. What are the prime factors of c?
3, 193
Let c = -479 - -579. List the prime factors of c.
2, 5
Suppose -2*a + 349 = 5*x, a - 167 = 5*x - 0*x. What are the prime factors of a?
2, 43
Let b(n) = 3*n**2 + 19*n - 52. What are the prime factors of b(-18)?
2, 17
Suppose -3*w - 20 = -0*g + 5*g, 3*g + 12 = 0. What are the prime factors of 54/2*(1 - w)?
3
Let c(s) = 4*s - 92. Let q be c(23). Suppose 4*u - 736 = -2*j, 5*j - 4 + 24 = q. What are the prime factors of u?
2, 3, 31
Let r = -19 - -33. Suppose -2*m + 12 = -2*u, 3*m - 2*m = -2*u - 9. What are the prime factors of r + (m - 0) + -1?
2, 7
Let o(c) be the first derivative of c**3/3 - 4*c**2 - 2*c + 14. List the prime factors of o(-3).
31
Let p(t) = -7*t**3 + 2*t**2 + t - 4. What are the prime factors of p(-2)?
2, 29
Let b(p) be the second derivative of p**6/240 - p**5/30 + p**4/3 - p. Let g(s) be the third derivative of b(s). What are the prime factors of g(2)?
2
Let u(f) = f**2 + 13*f + 1. Let i be u(4). Let m = i - -105. What are the prime factors of m?
2, 3, 29
Suppose -87 = -5*g + 138. What are the prime factors of g?
3, 5
Let f(w) = -17*w + 111. List the prime factors of f(-13).
2, 83
Let n(o) = -o**3 + 4*o**2 + 7*o - 4. Let l be n(5). Suppose -2*i = -k - 2, 4*k - l = -4*i + 10. Suppose v = -k*v + 159. List the prime factors of v.
53
Suppose -257 = 33*q - 35*q + 5*t, 2*t + 272 = 2*q. What are the prime factors of q?
3, 47
Let l be (-26)/(-4)*(7 - 9). Let d = l - -18. Suppose -167 = -d*y + 3*k, k = y + y - 66. List the prime factors of y.
31
Let o be (-1 + 0)/(5/5). What are the prime factors of (o - 61/(-1)) + 4?
2
Suppose 3*l - 64 = -l. Let s(u) = 6*u**2 - 9*u + 2. Let g(w) = -7*w**2 + 8*w. Let c(r) = 5*g(r) + 6*s(r). List the prime factors of c(l).
2, 11
Suppose -119 = -i + 16. What are the prime factors of i?
3, 5
What are the prime factors of 1007/1 - ((-72)/(-6))/(-6)?
1009
Let f(m) = 2*m**2 + 5*m + 4. Let a(t) = t**3 - 11*t**2 + 9*t + 8. Let n be a(10). Let w be f(n). What are the prime factors of (-6)/w - (-940)/20?
2, 11
Suppose 19*r - 23*r + 8512 = 0. What are the prime factors of r?
2, 7, 19
Let f = -191 - -1016. Suppose -f = 10*n - 3355. List the prime factors of n.
11, 23
Suppose 3*b - 3*d - 7119 = 0, -2*b - 7121 = -5*b + 5*d. What are the prime factors of b?
2, 593
Let j be ((-30)/(-9))/((-